4). Suppose -6 = c - z*p, -3*p + 2*p + 48 = 5*c. List the prime factors of c.
3
Let o(w) = w + 2. Let r be 2*((-33)/(-2))/(-3). Let x be o(r). What are the prime factors of (-2)/(-6) + (-96)/x?
11
Suppose 0*d - 4*d + 4*g + 36 = 0, -67 = -3*d - 5*g. List the prime factors of d.
2, 7
Let b = 7 - 11. Let f(v) = v**2 - 2*v - 6. Let x be f(b). Let g = x - 11. List the prime factors of g.
7
Let b be ((-2)/(-6))/(1/15). Let a = -2 - -7. Suppose a = b*s - 5. What are the prime factors of s?
2
Suppose 144 = 4*b - 0. What are the prime factors of b?
2, 3
Let k(y) = 47*y**2 - 1. Suppose 1 = 5*z - 4. Let w be k(z). List the prime factors of w/10 - 6/(-15).
5
Let v = -14 - -233. What are the prime factors of v?
3, 73
Let a(p) = 119*p - 1. List the prime factors of a(1).
2, 59
Let v(p) be the third derivative of p**5/60 - 7*p**4/24 + p**3 + 4*p**2. Let x be v(4). Let l(c) = c**3 + 6*c**2 - 3*c. List the prime factors of l(x).
2, 3
Let n(v) = 17*v + 1. What are the prime factors of n(2)?
5, 7
Suppose 5*b - 3 = 2*h - 67, -3*b + 4*h - 30 = 0. Let m(s) = -s**2 + 5*s - 4. Let k be m(4). List the prime factors of 0 - k - (b - -2).
2, 3
Suppose 0 = u - 4*u - 6. Let x = u + 10. Suppose 3*d + x = 5*d. What are the prime factors of d?
2
Let i = -68 - -153. Suppose 0*t = -5*t + i. Let p = t - 9. List the prime factors of p.
2
Let c(h) = -3*h - 3. List the prime factors of c(-9).
2, 3
Let f = 15 + -7. Suppose 34*c - 35*c + f = 0. List the prime factors of c.
2
Suppose 3*m - 4*o - 6 = 0, 0*m + 5*m - 4*o = 18. Let z(g) = -2*g + 8. Let w be z(m). Let p = w + 14. List the prime factors of p.
2, 5
Suppose 5*g - 1569 + 249 = 5*y, 0 = -g + 4*y + 267. List the prime factors of g.
263
Let d = 367 + -108. What are the prime factors of d?
7, 37
Suppose 2*y - 2*o = 470, 0 = -0*y + 4*y + 5*o - 985. List the prime factors of y.
2, 3, 5
Let m(p) be the third derivative of p**6/120 + p**5/10 + 5*p**4/24 + 2*p**3/3 - p**2. Let k be m(-5). Let c = 9 - k. List the prime factors of c.
5
Suppose 328 = -0*v + 4*v + 5*h, -3*v + 246 = -h. Suppose -10*n - v = -12*n. List the prime factors of n.
41
Suppose -12*c = -8*c - 588. List the prime factors of c.
3, 7
Let j(q) = -7*q**3 + 3*q**3 + 5*q + 3*q**3 - 3 + 3*q**2. What are the prime factors of j(3)?
2, 3
Let p(a) = 2*a**2 - 14*a + 17. Let i be p(8). Suppose -6*s = -5*s - i. What are the prime factors of s?
3, 11
Let f(g) = 3*g**2 + 2*g - 1. Let l be f(1). Let v = l + -4. Suppose 0 = y - 12 - v. What are the prime factors of y?
2, 3
Let j = 209 + -142. What are the prime factors of j?
67
Let g = 480 + -270. What are the prime factors of g?
2, 3, 5, 7
Let g = 15 + -11. Let i(c) = c**3 - 3*c**2 + 2*c - 3. What are the prime factors of i(g)?
3, 7
Let h = -4 - 0. Let x be 49/35 - h/(-10). Let y = x - -12. List the prime factors of y.
13
Let k be (3 + -5)/((-6)/201). Let n = 16 + 32. Let w = k - n. List the prime factors of w.
19
Let r be 2/(-3) + (-42)/(-9). Suppose 5*p - 5*s = 80, -r*s = 5*p - p - 96. What are the prime factors of p?
2, 5
Let o = 886 - 597. List the prime factors of o.
17
Suppose -7*v = -8*v + 43. List the prime factors of v.
43
List the prime factors of 3 - (-7)/(7/6).
3
Let b = 39 - 68. Let a = 41 + b. What are the prime factors of a?
2, 3
List the prime factors of (5/((-50)/164))/(6/(-60)).
2, 41
Let p be (1 - -3 - 3) + 26. Suppose 2*s = 3*d - p, -4*d + s + 36 = -3*s. What are the prime factors of d?
3
Let b(m) = -3*m**3 + 7*m**2 + 6*m - 8. Let l(a) = -10*a**3 + 22*a**2 + 19*a - 25. Let p(n) = 7*b(n) - 2*l(n). What are the prime factors of p(5)?
2, 7
Suppose 4*u - 29 = -x, -5*u - 8 = -2*x + 89. List the prime factors of x.
41
Suppose 3*b - 3 - 9 = -4*z, 0 = b. Let q = 18 - 16. Suppose -q*o = -k - 4, z*k - 32 = -k - 4*o. What are the prime factors of k?
2
Let m(r) be the third derivative of r**5/30 - r**4/4 - r**3/3 + 4*r**2. List the prime factors of m(5).
2, 3
Suppose 2*n - 10 = -2*w - 0, w + 20 = 4*n. Suppose -n*g + 8*g - 12 = 0. Suppose -15 = -m + g*u, -5*m - u + 31 = u. List the prime factors of m.
7
Let j(t) = 8 - 6*t + 4*t + 12*t - t**2. Let y = 3 - -7. List the prime factors of j(y).
2
Let c(h) = 2*h + 2. Let j(k) = -k. Let t(y) = -2*c(y) - 6*j(y). Let x be (13/(-2))/((-2)/4). List the prime factors of t(x).
2, 11
Suppose -4 = -v - h, h + 2 = -v + 2*v. Suppose -2*t = 2*d + 3*t + 6, -5*d + v*t + 16 = 0. What are the prime factors of d?
2
Let t(k) = 5*k**2 + 8*k - 8. Let h(l) = l**2 + l - 1. Let f(z) = 6*h(z) - t(z). Let a be (2 + 0)*9/6. List the prime factors of f(a).
5
Suppose -2*j - 5*w + 203 = j, -5*w + 5 = 0. What are the prime factors of j?
2, 3, 11
What are the prime factors of 66 + 11 + -5 + (1 - -1)?
2, 37
Let t = -44 - -106. List the prime factors of t.
2, 31
Suppose 2*t - a - 8 = 0, -3*t - a - 2 = a. Suppose t*l - l = 10. Let f = l - 7. List the prime factors of f.
3
List the prime factors of 78*(2/6 - 0).
2, 13
Suppose 0 = -5*o - 20, i = -3*i + 4*o + 24. Suppose -8 + i = -t. Suppose 0 = -4*u + 34 - t. What are the prime factors of u?
7
Suppose -3*n + 0*n + 6 = 0. List the prime factors of 0/(-3) - n - -15.
13
Let u be 0 + 1 + (4 - 0). Suppose -2*v = u*l - 16 - 33, -53 = -4*l + 3*v. Let m = -7 + l. What are the prime factors of m?
2
Let z be (-1)/(-2 + (-14)/(-8)). Let g be (z/8)/(2/(-24)). Let x = g - -10. List the prime factors of x.
2
Let h(s) = -2*s**2 + 1. Let j be h(-1). List the prime factors of 102/24 + j/4.
2
Let p = 1 - -2. What are the prime factors of -7*2*p/(-6)?
7
Let u(j) = -j**3 + 8*j**2 - 9*j. Let x be u(6). Suppose -x = -3*n + 6. What are the prime factors of n?
2
Let p = 5 - 3. What are the prime factors of 22/(-1)*(-3 + p)?
2, 11
Let t = -1 - -4. List the prime factors of ((-2)/t)/((-2)/57).
19
Suppose -4*p + 5*t = -33, 0 = -2*p - p - 5*t - 19. Suppose 0 = p*j - 5*j + 6. Suppose 63 = 5*g + l, -7 = -j*g + 4*l + 5. What are the prime factors of g?
2, 3
Let n(g) = -6*g. Let q be n(2). Suppose 0 = 3*r - 3*f - 54, 2*r - 108 = -2*r - 5*f. Let v = r + q. List the prime factors of v.
2, 5
Suppose -2*c = 3*m + 3, -3*c - 3*m + 2*m - 1 = 0. Suppose c*a = -5*a. Suppose -42 = -a*s - 3*s. List the prime factors of s.
2, 7
Let s(n) = n**3 + 5*n**2 - 4*n - 2. Let t(i) = -i + 5. Let z be t(9). Let m be s(z). Suppose m = -v + 4*v. What are the prime factors of v?
2, 5
Let x = -6 - -8. Suppose x*v = 4*v. Suppose 5*t - 3 - 12 = v. What are the prime factors of t?
3
Let p(q) = q**2 - 18*q + 5. What are the prime factors of p(24)?
149
Suppose 0*c = 3*c + 15, 2*r + c = -1. Suppose -5 = -f - r. Let q = -1 + f. List the prime factors of q.
2
Suppose 2*s = -2*s - b + 196, -3*b = -12. List the prime factors of s.
2, 3
Let g(r) = -r**3 - 7*r**2 - r - 1. Let z be g(-7). Let t be (-4)/z - 14/(-3). Let b = t - 1. What are the prime factors of b?
3
Let t be 4 - (0 - (-2 + 0)). Let a(k) = -k - t - 4 + 3*k. What are the prime factors of a(6)?
2, 3
Suppose i - 2*r = 4 - 2, 31 = -4*i - 5*r. Let k be (-47)/4 + 1/i. List the prime factors of (-4 - 0)*(k + 8).
2
Suppose -3*h - 55 = 2*h. Let x = h - -20. List the prime factors of x.
3
Let o be (1 - -2)/((-3)/(-3)). Suppose -o*f + 5*t = -f - 39, -f = -5*t - 17. Suppose -58 = -3*l - f. What are the prime factors of l?
2, 3
Let v be 1*(-5)/(5/2). Let m(c) = -14*c + 1. Let o be m(v). What are the prime factors of o/9 + 8/(-36)?
3
Suppose 4*k - 3*q = 2*q + 8, -4*q = -2*k + 10. Let f = 15 + k. List the prime factors of f.
2, 3
Let q = 19 - 12. Let w = -1 + q. Suppose w*z - z - j = 25, 0 = j - 5. List the prime factors of z.
2, 3
Suppose -s - u + 7 = 4*u, 0 = -2*s + 2*u + 2. Let y(p) = -5*p + s - 4 + 3*p. What are the prime factors of y(-5)?
2
Let x = -2 - 3. Let q = 9 + x. Suppose -q*g + 2*v = -28, -4*g - v - v = -28. List the prime factors of g.
7
Let a = 13 + -8. What are the prime factors of a?
5
Let w(d) = 3*d - 6. Let s be w(4). Let a(g) = -7*g - 2. Let j(z) = z. Let p(t) = s*j(t) + a(t). What are the prime factors of p(-5)?
3
Suppose -3*t = 4*x - 7, t - 6*t + 31 = -3*x. Let p(v) = 5*v + 9. Let l(s) = -6*s - 10. Let y(w) = t*p(w) + 4*l(w). List the prime factors of y(0).
5
List the prime factors of 1*1147/3 + (-4)/(-6).
383
Let q be 1 - -2*(-10)/(-4). Suppose -7*f = -10*f - q. What are the prime factors of -3*30/9*f?
2, 5
Let n = 3 + -1. Suppose -56 + 24 = -n*i. List the prime